 b(4). What is x(d)?
1
Suppose 3*p = -5*l - 167, -2*l - 23 = -l - 2*p. Suppose -5*x + 4*t = 149, -141 = 3*x + t - 55. Let w = l - x. Let g(o) = 7*o + 3. Give g(w).
-11
Let b(s) = 22 + 28 - 2*s - 8 - 2. What is b(0)?
40
Let x(h) = h**2 - 8*h - 11. Let d be (-3)/(-6) + 172/8. Suppose -d*z + 222 = 24. Determine x(z).
-2
Let i(l) = -l**2 - l. Suppose 2*j - 5*s = -0*s - 20, s - 4 = 3*j. Suppose 15*f + 31 - 16 = j. What is i(f)?
0
Suppose -2*f - 5*g - 9 = f, 0 = f - 2*g - 8. Suppose -123*h - 3 = -v - 121*h, h = 0. Let b(n) = n**f - v*n**3 - 87 + n + n**3 + 3*n**3 + 85. Determine b(0).
-2
Let g(z) be the second derivative of 11*z**4/12 + 2*z**3 + 3*z**2 - 3*z + 7. Let y(o) = 3*o**2 + 4*o + 2. Let s(l) = 2*g(l) - 7*y(l). Determine s(6).
10
Let d(a) = -5*a - 4. Let w be 2 - (5 - (-4 - -10)). Suppose -21*p = -20*p + w. Determine d(p).
11
Let s(i) = 21*i**2 + 2*i. Let l(n) = 127*n**2 - 34*n + 210. Let p(x) = -l(x) + 6*s(x). What is p(5)?
-5
Let v(i) be the third derivative of i**4/6 - 3*i**3/2 + 114*i**2 + 2*i. Let x(q) = -q**3 + 6*q**2 - 6*q - 2. Let z be x(4). Determine v(z).
15
Suppose -48 + 54 = 2*t. Let z = 2 + t. Let f(x) = -2*x + x - z*x + x. Determine f(-2).
10
Let b(h) = 10*h - 4*h**2 - h**2 - h**3 - 4*h. Let o(y) = -y**2 - 11*y + 29. Let k be o(-14). Let u = -19 - k. What is b(u)?
0
Suppose 0 = -7*y + 5*y + 8. Let m = y - 1. Suppose -3*h - 11 + 2 = 0, -w = -m*h - 4. Let o(a) = 3*a + 2. What is o(w)?
-13
Let q(j) be the first derivative of -j**3/6 + j**2 + 67*j - 167. Let r(l) be the first derivative of q(l). Give r(4).
-2
Let d(g) = -g + 1. Let t(q) = -q**2 + 5*q - 4. Let p(f) = 3*d(f) - t(f). Let v(w) = w + 12. Let x be v(-10). Suppose h - 5 - x = 0. Give p(h).
0
Let q(u) = -7*u**3 - 2*u**2 - 2*u + 62. Let h(d) = 9*d**3 + 4*d**2 + 2*d - 82. Let o(t) = 3*h(t) + 4*q(t). Let j be (-1 + 0)*-1 - -3. Calculate o(j).
-6
Let h(r) be the third derivative of -r**5/60 + 5*r**4/12 - 2*r**3 + 9*r**2 + 6664*r. Let u be (-26)/(-3) - (-2)/6. Give h(u).
-3
Let c(k) = 21*k**2 + 6*k + 17. Let f(w) = -10*w**2 - 3*w - 8. Let i(a) = -25*a - 19. Let m be i(-1). Let n(u) = m*c(u) + 13*f(u). Calculate n(-2).
-12
Let b(q) = -43*q + 97*q - 53*q - 8 - 4 - 5. Let c(g) = 3*g**2 - 14*g + 9. Let l be c(5). Calculate b(l).
-3
Let v(l) = -73*l - 62. Let g be v(-3). Let d = g - 156. Let n(k) = -4*k. Give n(d).
-4
Let y(x) = x**3 - 11*x**2 + 4*x + 55. Let g = -2307 + 2317. Calculate y(g).
-5
Let i(z) = -2*z - z + 8*z**2 + 1310*z**3 + 1325*z**3 - 2633*z**3. Calculate i(-2).
22
Suppose -2*j + 4 = 0, -o + 3*j - 1 = 4*o. Let d = -77 - -78. Let g(x) = -45932*x - 12*x**2 + d + 45932*x. What is g(o)?
-11
Suppose -h = -2*h. Let v(m) = h + 7*m + 0. Let d be -10*(-1566)/(-540) - -28. Calculate v(d).
-7
Let y(w) be the first derivative of -29*w**2/2 + 600*w - 1424. Calculate y(21).
-9
Let q(a) = -19*a - 1. Let n = 74 - 77. Let l(i) = 2*i**2 + 2*i + 5. Let t be l(n). Suppose -1 = 18*o - t*o. What is q(o)?
18
Suppose 8*n = 9*n + 5, 4*n = -3*w - 29. Let z(l) = -7*l + 4. What is z(w)?
25
Let n(z) = -15*z**3 + 33*z**2 - 6*z - 7. Let l(a) = 8*a**3 - 16*a**2 + 3*a + 6. Let j(b) = -11*l(b) - 6*n(b). What is j(11)?
9
Let s(v) = 12*v + 17*v**2 - 61*v**2 + 24*v**2 + 16 + 19*v**2. What is s(12)?
16
Let n(v) = 1. Let o(t) = -t**2 - 2*t - 7. Suppose 4*j + 2*r = 26, 3*r - 11 - 12 = -2*j. Suppose 0 = -j*h - 48 + 28. Let y(w) = h*n(w) - o(w). Give y(-3).
5
Let y(b) be the second derivative of b**4/12 + 4*b**3/3 - 10*b**2 + 930*b. Determine y(-9).
-11
Let t(n) be the first derivative of n**4/4 - 5*n**3/3 - 3*n**2 + 6*n - 813. Suppose 2*f - 26 = 2. Let h = -8 + f. What is t(h)?
6
Suppose -5*h + 6*h - 3*g = 8, -4*h + 2*g + 22 = 0. Let s(x) = -3*x - 36*x**3 + 9*x + 5 + 6*x**2 - 3*x**2 + 35*x**3. Give s(h).
-15
Let y = -14371 + 14390. Let s(r) = -4*r**2 + 85*r - 166. Determine s(y).
5
Suppose -d - 3 = y - 0*d, -3*d = 2*y + 10. Let p(g) = -g - y - 5*g + 5*g. Give p(-4).
3
Let f(g) be the first derivative of -g**4/4 + 7*g**3/3 - 7*g**2/2 + 2*g + 37. What is f(6)?
-4
Let l(y) = y**2 + 5*y - 10. Let d = -170 + 172. Give l(d).
4
Let x(t) be the second derivative of -t**4/12 - 5*t**3/2 - 13*t**2/2 - 1232*t. Let i = -29 + 19. Calculate x(i).
37
Let s(j) = -23 - 100*j - 15 + 108*j - 7 - 12. Give s(13).
47
Suppose 15 = 3*h + 9. Let g(b) = -8*b**h - b + 7*b + 0*b**3 + 15 + b**3 - 5. Calculate g(7).
3
Let w(t) be the third derivative of -t**5/60 - t**4/24 + t**3/6 + 2*t**2. Suppose 74 = -m + 22. Let h be (2/(-4))/(26/m). Determine w(h).
-1
Let j be (36/(-45))/(5/(-100)). Suppose 4*n = 2*f + j, -2*n - 19 = 3*f - 3*n. Let g(l) = l**3 + 5*l**2 - 7*l - 3. What is g(f)?
3
Let s = 11 + -7. Let b(h) = 13*h + 9. Let o be b(0). Let u(f) = -11 + 2 - 1 + o*f + f**2 - s. Give u(-10).
-4
Let i(f) be the first derivative of -3*f - 7/3*f**3 - 3*f**2 + 25 - 1/4*f**4. Determine i(-5).
-23
Let x(p) be the second derivative of 1/3*p**3 - 194*p + 7/2*p**2 + 0. Determine x(5).
17
Let j = -3512/3 + 1171. Let v(b) be the first derivative of j*b**3 - b + 14 + 3*b**2. Determine v(-5).
-6
Let z(x) = -7*x - 7. Suppose r + 1 = 0, -4*u - 4*r + 116 = -u. Let f = u - 46. Determine z(f).
35
Let p(q) = -q**2 + 6*q + 2. Let t(o) = 35*o**2 - 3*o - 2. Let y be t(-1). Suppose -66 = -17*z + y. Let j be p(z). Let w(s) = -s**3 + 3*s - 1. Give w(j).
-3
Suppose 5*u + 2*c - 135 = 0, 5*c = u - 28 - 26. Suppose u - 1 = -4*l. Let s(g) be the third derivative of -g**5/60 - g**4/3 - 4*g**3/3 + 4*g**2. Calculate s(l).
-1
Let u(i) = -4231 - 11*i + 4123 - 10*i - i**2. What is u(-9)?
0
Suppose -4*x = 2 - 10. Let y(f) = -5*f + 0 + 14*f**x + 14*f**2 - 1 - 29*f**2. Determine y(-6).
-7
Let o(z) be the third derivative of z**6/120 + 7*z**5/60 - 19*z**4/24 - 8*z**3/3 + 82*z**2 + 21*z. Calculate o(-9).
-7
Suppose -8*t - 1 = 15. Let g be -6*(-1 - (16/12 + t)). Suppose 6*y = 5*c + 5*y + 20, 5 = g*c - 3*y. Let v(q) = -4*q - 6. What is v(c)?
14
Let u(o) = -2*o**2 + 22*o - 12. Suppose -10 = -4*l - 2*f + 16, 4*f + 29 = l. Determine u(l).
24
Let r = 6 - 0. Let t(p) = 2876*p + 1. Let h(y) = 493*y. Let n(z) = -35*h(z) + 6*t(z). Determine n(r).
12
Let v(n) = 6*n + 3. Let q = 136 + -125. Let w be 4/(-16) + q/(-4). Determine v(w).
-15
Let g be 10 + 1/((-2)/((-12)/(-3))). Let j(f) = 5*f + 5 + 0 + g - 13. Determine j(1).
5
Let p(s) = -38*s - 340. Let k be p(-9). Let a(l) = -13*l + 27*l - 6*l - 4*l + 2*l**k. Suppose 11 = -3*t - 2*z, -6 = 3*t - 5*z - 2. Determine a(t).
6
Let d(l) = -3*l - 52. Let a(t) = 2*t + 35. Suppose -4*z - 37 = 3*r, -4*z - 3*r = -z + 30. Let g(m) = z*a(m) - 5*d(m). Determine g(-10).
5
Let c be 55/(-165) + 2/((-6)/407). Let l = 131 + c. Let q(f) = f**3 + 6*f**2 + 8*f + 4. Calculate q(l).
-11
Let r be (-26)/13 + 1/(1/66). Suppose -12*i + 20*i = -r. Let w(m) = m**3 + 7*m**2 - 9*m + 11. What is w(i)?
19
Let i = 3594 + -3589. Let h(y) = 4*y - 28. Determine h(i).
-8
Let k(j) = j**3 + j**2 - 2*j - 2. Suppose 8*n - 892 - 1188 = 0. Let o = n + -262. What is k(o)?
-2
Let c(g) = g**3 - 8*g**2 + 7*g + 127. Let t be c(-3). Let h(x) = -12*x + 48. Determine h(t).
-36
Let i(k) = 371*k**2 + 68 - 91*k**2 + 23*k - 92*k**2 - 95*k**2 - 92*k**2. What is i(-20)?
8
Let z(v) be the third derivative of v**4/24 + v**3/2 - 68*v**2. Let q(l) = 4*l + 6. Let h(b) = 3*q(b) - 7*z(b). What is h(2)?
7
Let a(g) = g**3 - g**2 + 3*g - 1. Let z = 29 - -26. Let c = 51 - z. Let r(j) = j**2 - 1. Let m(p) = c*r(p) + a(p). Determine m(3).
-6
Let p = 11652 + -11649. Let n(v) = -14*v + 35. Calculate n(p).
-7
Let o(w) = -2*w**2 - 15*w - 8. Suppose -102*a - 323 = 289. Give o(a).
10
Let x(u) = 5 + 3*u**2 - 4*u**2 - 106*u + 0*u**2 - 113*u + 220*u. Calculate x(3).
-1
Let f = 116 + -80. Suppose h + f = 73. Let q = 35 - h. Let y(b) = 7*b. What is y(q)?
-14
Let l(k) = -4*k + 3. Suppose 5*b + 3*u = 22, 0 = 5*u + 4 + 1. Suppose -b*m - 9 = -4*a, -6*a + 2*a = -m - 5. Let v be 3/(-6)*(2/a - 6). Determine l(v).
-5
Let m = -94 - -99. Suppose -5*c - 25 = m*x - 10*x, -3*c - 5*x - 23 = 0. Let h(k) = -k**3 - 7*k**2 - 10*k - 14. Determine h(c).
10
Let n(y) = -5846009*y**3 + 0*y**2 + 2*y**2 - 23 + 5846008*y**3. Give n(0).
-23
Suppose -9*s + 20 - 128 = 0. Let z be (-939)/(-15) - s/(-20). Let d(f) = 31 - z + 29 - f. What is d(5)?
-7
Let y be ((-6)/(-11))/(7/(7 - 84)). Let n(k) = 5*k - 8. Let u(j) = -4*j + 7. Let o(p) = 5*n(p) + 6*u(p). 